Let t be y(z). What is the highest common factor of 220 and t?
20
Suppose -3*x + 288 = x. What is the greatest common divisor of 8 and x?
8
Suppose -3*t + 22 + 8 = 0. Let a = t + 20. What is the greatest common factor of 15 and a?
15
Let h be 6/(-12) - (0 - (-41)/(-2)). What is the greatest common factor of 140 and h?
20
Suppose -5*f + 187 + 33 = 0. What is the highest common factor of 484 and f?
44
Suppose 0 + 4 = 2*u. Suppose -u*h = -6, 4*h - 2 = 2*x + 2*h. Suppose -6 = 2*z - 5*z. Calculate the greatest common divisor of x and z.
2
Let x(n) = -n**3 - 5*n**2 + 0*n**2 + 1 + 3 - 3. Let z be 1/(2/(-10))*1. Let s be x(z). Calculate the highest common factor of 11 and s.
1
Suppose k + 1 = -0. Let z(p) = -12*p. Let y be z(k). Let v be -1*(0/(-3) - 60). Calculate the highest common factor of y and v.
12
Let h(q) = q**2 - 3*q - 1. Suppose 0 = 4*j - 2*z + 6 + 10, 4*z = 0. Let y be h(j). What is the highest common divisor of 18 and y?
9
Let a be -3 + 39 + (-2)/2*3. Calculate the greatest common divisor of 11 and a.
11
Suppose -2*a - 5*b = a - 110, -3*b + 12 = 0. Suppose -o + a = 4*o. What is the highest common divisor of o and 24?
6
Suppose -84 = 6*y - 12*y. What is the highest common factor of y and 21?
7
Let s(m) = -m + 3 - m - 13. Let k = -5 - 2. Let f be s(k). Calculate the highest common factor of f and 10.
2
Suppose -w + 5*w + 284 = 0. Let n = -44 - w. Let o be 142/8 + 2/8. Calculate the highest common factor of o and n.
9
Let w be ((-124)/(-3))/(-4)*-3. Suppose n - w = t - 3*t, -4*n - 20 = 0. What is the greatest common divisor of t and 2?
2
Suppose -q = 34 + 115. Let d = 275 + q. Let f(z) = 13*z**3 + 2*z**2 - 1. Let p be f(1). What is the greatest common factor of d and p?
14
Let f(l) = 26*l - 2. Let u be f(-2). Let z = u + 86. What is the highest common divisor of z and 8?
8
Let q(b) = -b - 5. Let m be q(-7). Let d be 72/6 - (-1 - -2). Let s = d - 5. What is the highest common divisor of s and m?
2
Suppose -3*q = -12 - 24. Suppose 0*j = 2*j + q. Let h be -9*2/j*2. Calculate the highest common factor of h and 6.
6
Suppose -3*i - 55 - 44 = 0. Let p be (17 - 23)*20/6. Let k = p - i. Calculate the greatest common divisor of 13 and k.
13
Let b(u) = 13*u**2 - u - 2. Let t be b(3). Suppose 5*r + 5*s = 75, 0 = -r - 4*r + 3*s + 67. What is the greatest common divisor of r and t?
14
Let o(b) = 5*b**2 - 1. Let r be o(-1). Suppose -2*f = -8, 4*i = -2*f + r*f + 72. What is the greatest common divisor of 50 and i?
10
Let f(r) = -r**3 - 5*r**2 + 8*r - 16. Let o be f(-7). Calculate the highest common divisor of 208 and o.
26
Suppose 7*r - 101 = -3. Let l be (-45)/(-6) - (-21)/r. Let g(i) = 4*i + 7. Let a be g(5). What is the highest common factor of a and l?
9
Suppose 0 = -y + 6*y - 10. Let x(n) = 2*n**3 - n**2 - 4*n + 2. Let b be x(y). Let m = -130 - -184. What is the highest common divisor of b and m?
6
Suppose 3*c - 31 = 41. What is the highest common divisor of 60 and c?
12
Let p be 27/(6/(-2)) - 0. Let d = -5 - p. Calculate the greatest common factor of 10 and d.
2
Suppose r + 3*r = 0. Suppose 7*m - 2*m - 55 = r. Let f be (1*(-22)/3)/((-33)/198). Calculate the highest common divisor of f and m.
11
Suppose 4*c - 2*m - 58 = -0*m, 5*m = c + 8. What is the greatest common factor of 119 and c?
17
Let h = 37 - 27. Calculate the greatest common divisor of 70 and h.
10
Let o(g) be the second derivative of -11*g**3/6 + g**2 - 3*g. Let c be o(-2). Calculate the highest common divisor of 6 and c.
6
Let a be (0 - (-1)/(-2))*-4. Let v(g) = -3*g + 1. Let w be v(-2). Let h = w + a. What is the greatest common divisor of 18 and h?
9
Let a be (-2 - (-1 + 4))*5. Suppose w - 1 = 48. Let m = w + a. Calculate the greatest common factor of 36 and m.
12
Suppose -52 = -h + 4*x, -3*h - 2*x + 172 = 2*h. Let i be -2 + 0 + 5 - -15. What is the greatest common factor of i and h?
18
Suppose -57 = -2*b - f, b - 7 = 2*f + 19. Suppose 188 = 4*o + b. Calculate the greatest common divisor of o and 10.
10
Let n(f) = -f**2 + 7*f - 6. Let u be n(5). Let p be u*((-13)/(-4) + 1). Let c(x) = -x + 9. Let j be c(-8). What is the highest common divisor of p and j?
17
Suppose 2*n - 252 = -10*n. What is the highest common divisor of n and 168?
21
Let n(y) = 3*y + 1. Let t(j) = j. Let o(x) = 2*n(x) - 5*t(x). Let u be o(0). Calculate the greatest common divisor of 2 and u.
2
Let a = 7 - -2. Let t = a - -1. Let i be (-6)/(-15) - (-96)/t. What is the greatest common factor of 90 and i?
10
Suppose 0*a = 4*a - 92. What is the greatest common factor of 69 and a?
23
Let r(p) = 2*p. Let x be r(-3). Let y be x*((-152)/6 + 0). Calculate the highest common divisor of 19 and y.
19
Let n be ((-1)/((-6)/(-8)))/(3/(-18)). What is the highest common factor of 4 and n?
4
Let f be (-17 - 2)/((-1)/8). Suppose 2*h = -3*v + 136, 3*v + 0*v - 2*h - f = 0. Let l = 29 - 17. Calculate the highest common factor of l and v.
12
Let f = 30 - 7. Let c = f - 13. Calculate the highest common divisor of 70 and c.
10
Let l(b) = 7*b**2 + 7*b + 6. Let j(x) = -3*x**2 - 4*x - 3. Let n(i) = 11*j(i) + 6*l(i). Let k be n(2). Calculate the greatest common divisor of 14 and k.
7
Let h be (20 - 10)/(1/2). What is the greatest common divisor of h and 160?
20
Suppose 18*d - 242 = 226. Calculate the highest common factor of d and 104.
26
Let i = 29 - 17. What is the greatest common factor of i and 12?
12
Let j be (-3 - (-80)/4)*1. Let d = j - 12. Calculate the highest common factor of 20 and d.
5
Let a(l) = l + 15. Let v be a(-14). Calculate the highest common divisor of v and 9.
1
Let z be 65 - 4/(-12)*-3. Suppose t = -x + 12, -x = 6*t - t - z. Let i be (52/(-6))/((-4)/18). Calculate the highest common factor of i and t.
13
Suppose -273 = -7*v + 287. What is the highest common divisor of 20 and v?
20
Suppose -7 = -r + 24. What is the greatest common divisor of 31 and r?
31
Let g(v) = 47*v. Suppose -4*f + 0*f + 8 = 0. Let x be g(f). Suppose -x = -3*k - 19. Calculate the greatest common divisor of k and 10.
5
Let p be 2/(-4) + 95/(-2). Let l be 4 + -4 + 5 + 76. Let q = p + l. What is the highest common divisor of 3 and q?
3
Let c(p) = -p**2 - 25*p - 41. Let v be c(-18). Calculate the greatest common factor of v and 51.
17
Let i(g) = -g**2 - 4*g + 4. Let j be i(-5). Let v be (-5)/j + -2 + 1. Calculate the highest common factor of v and 10.
2
Suppose -48 = -98*g + 96*g. What is the greatest common divisor of 12 and g?
12
Let l be (0 + (-11)/(-2))*-2. Let v = -2 - l. Let i be 30/v - 4/(-6). What is the greatest common divisor of 44 and i?
4
Suppose 0 = n - 3 - 2. Suppose 5*a = 2*j - 1, 0*j + 5*a - 20 = -n*j. Let x = 6 + -3. What is the greatest common divisor of j and x?
3
Let b = 22 + -15. What is the greatest common divisor of b and 35?
7
Suppose -18 = -p + 5*g, -2*p - 27 = -3*g - 91. What is the highest common divisor of p and 95?
19
Let i(z) = -z**3 + 3*z**2 - 3*z - 7. Let s be i(-3). What is the greatest common factor of s and 56?
56
Let z(r) be the third derivative of r**6/40 + r**5/20 - r**4/12 + r**3/3 - r**2. Let y be z(3). Calculate the greatest common factor of y and 13.
13
Let d(f) = f + 136. Let h be d(0). What is the highest common factor of h and 17?
17
Let d be 24*-1*(-1)/(-2). Let u = 28 - d. What is the highest common divisor of 100 and u?
20
Suppose -4*x + 5*q + 142 = 4*q, 0 = -2*x + 5*q + 62. Calculate the greatest common divisor of x and 252.
36
Let b = -3 - -4. Let x be (2/(-4))/(b/(-60)). What is the highest common divisor of 20 and x?
10
Let o be (-35*1)/((-3)/9). Suppose 0 = -2*n - 0 + 42. Calculate the highest common factor of o and n.
21
Let n be 2/(-8) + (-41)/(-4). Let v(a) = a**2 + 6*a + 15. Let d be v(-11). Calculate the greatest common divisor of n and d.
10
Let r be (-7)/4 - 1/4. Let w = 7 + r. Calculate the highest common divisor of w and 45.
5
Suppose -i + 2*m = -50, -5*m + 139 = -2*i + 5*i. Suppose -l - i = -3*l. Suppose -o + 2 = c - l, c + 84 = 4*o. What is the highest common factor of o and 33?
11
Let u(q) = -q**3 - q**2 + q + 1. Let f be u(0). Let j be f*-3 - (-45 + 2). What is the greatest common divisor of 5 and j?
5
Suppose -2*q + 3 + 17 = 0. Calculate the greatest common factor of q and 10.
10
Let l(z) be the second derivative of z**3/3 - 13*z**2/2 - 3*z. Suppose 33 = 3*k - 0*k. Let h be l(k). Calculate 